rime factors of -30*(q/4)/(-9)?
2, 5
Let s(g) = 57*g + 72. Let f(c) = 3*c - 9 - 8*c - 2*c. Let v(j) = 33*f(j) + 4*s(j). What are the prime factors of v(-9)?
2, 3
Let p = -2 - 2. List the prime factors of p*62/(-24)*3.
31
Suppose 6*s = -28*s + 14314. List the prime factors of s.
421
Let f = -132 - -25. Let c = f + 195. List the prime factors of c.
2, 11
Suppose 0 = 5*i - c - 56, 3*i - 3*c = 28 - 4. Let p be 22/6 + 4/i. Suppose -p*f = w - 2*w - 117, f + w - 33 = 0. List the prime factors of f.
2, 3, 5
Let v(p) = -3*p**2 + 3*p - 7. Let j(w) = 14*w**2 - 14*w + 35. Let s(b) = -2*j(b) - 11*v(b). List the prime factors of s(5).
107
Let q = -1907 - -2140. List the prime factors of q.
233
Let w(x) = -x**2 + 22*x + 16. Let z(n) = 3*n**2 - 65*n - 48. Let r(h) = 17*w(h) + 6*z(h). What are the prime factors of r(-11)?
281
Let v(b) = -b**3 - 15*b**2 + 18*b + 35. Let z be v(-16). List the prime factors of ((-3)/(z/26))/(1 + -2).
2, 13
Suppose -2*u = -6*u - 5*h + 9353, 3*u - 7006 = -2*h. What are the prime factors of u?
2, 11, 53
Suppose -1973*z = -1983*z + 31930. List the prime factors of z.
31, 103
Let m(l) = 34 + 0*l + 3*l + 0 - l. Let p be m(-15). Let g = p - -11. What are the prime factors of g?
3, 5
Let m = 1 - -211. List the prime factors of m/((24/9)/4*3).
2, 53
Let v = 28 + -38. What are the prime factors of v/(-65) - 1/((-39)/696)?
2, 3
Suppose -5 + 15 = 2*l. Suppose -2*n + 2*c + 2 = -2, 0 = -n + 2*c. Suppose -n*z = -l*z + 11. List the prime factors of z.
11
Let n = 266 - 393. Let j be (-9*(-4 - -3))/(3/(-20)). Let b = j - n. What are the prime factors of b?
67
Let l(q) = 2*q**2 + 3*q + 3. Let s be l(-2). Suppose 3*o = 7*o + 4*r + 592, -s*o - 736 = r. What are the prime factors of 33/(-44) - o/4?
2, 3
Suppose 0 = 2*c - 3*c - 4*t + 2, -4 = 4*c + 4*t. Let j = c - -96. List the prime factors of j.
2, 47
Suppose 8*m - 12*m = -72. Let r = 208 - m. What are the prime factors of r?
2, 5, 19
Let s(p) = p**2 - 10*p + 3. Let l be s(9). List the prime factors of 2/6 - 256/l.
43
Let v be (7 + -3)/(-16)*-20. Suppose -2*i - 37 = v*a, -6 = 3*a - a. Let w = 20 + i. List the prime factors of w.
3
Let l = 508 + 150. List the prime factors of l.
2, 7, 47
Let w(g) be the first derivative of g**6/90 + g**5/30 + g**4/12 - g**3 + 4. Let x(s) be the third derivative of w(s). What are the prime factors of x(-2)?
2, 5
Let j = 0 + 6. Let t(a) = -3*a + 13*a + 0*a - 6*a + 2. List the prime factors of t(j).
2, 13
Suppose 3*u + 2369 = -i + 7266, -i + u = -4893. What are the prime factors of i?
2, 2447
Suppose 6 = 3*s - 21. Let n(t) = 1 - s*t - 9 + 1 - 4. List the prime factors of n(-7).
2, 13
Suppose -4 = -9*f + 5*f. What are the prime factors of (-8 + -9)/(-2 + f)?
17
Suppose 8*w - 68 = 4*w. Suppose w = 5*x - 3*x - 5*g, 0 = 3*x - 2*g - 31. List the prime factors of x.
11
Suppose -2*h - 5*b = h - 1995, -5*h = -5*b - 3285. Suppose -2*c - h = 12. What are the prime factors of (-15)/25 + c/(-10)?
3, 11
Let q(f) = f + 15. Let w be q(-12). Let c be 311/w - (-2)/6. Suppose 5*b - 9*b + c = 0. What are the prime factors of b?
2, 13
Suppose 0*n + n - 38 = 0. Suppose 0 = k - 2, 3*g + 31 + n = 3*k. Let j = g + 54. List the prime factors of j.
3, 11
Suppose 10*m - 12*m + 6418 = 0. List the prime factors of m.
3209
Let q(f) = 31*f + 642. What are the prime factors of q(0)?
2, 3, 107
Let f = 94 + -171. Let x = -5 - f. List the prime factors of x.
2, 3
Suppose -3*v - 52 + 180 = -y, 87 = 2*v - y. Suppose -4*u + 235 = -v. Suppose -3*n - n - 3*f = -u, 45 = 2*n + 5*f. What are the prime factors of n?
3, 5
Let h(f) = 23*f - 5 + 13 - 52. List the prime factors of h(6).
2, 47
Let t(y) = -y**2 - 14*y + 5. Let f = -6 - 4. What are the prime factors of t(f)?
3, 5
Let k = -1387 - -1979. List the prime factors of k.
2, 37
Let m = -132 - -326. List the prime factors of m.
2, 97
Let w = 58 - -27. Suppose b = 2*y - w - 10, 5*b - 169 = -4*y. What are the prime factors of y?
2, 23
Let a(y) = 6*y - 45. Let z be a(8). Suppose 2*v = -z*k + 107, -v + 8*k = 3*k - 34. List the prime factors of v.
7
Suppose 0 = 3*b - 15. Suppose z + 5*h - 28 = 0, z - 2*h = -4*z + b. Suppose 10 - 64 = -z*j. What are the prime factors of j?
2, 3
Let y(q) = -63*q - 6. Let a be y(-2). Suppose 72 = 2*z - a. What are the prime factors of z?
2, 3
Suppose -6*q + 2*z = -5*q - 638, -q - 4*z = -620. What are the prime factors of q?
2, 79
Let t = 8258 - 5640. What are the prime factors of t?
2, 7, 11, 17
Let f(x) = -x**2 + 7*x + 2*x**2 + 8 - 5*x. Let b be f(-6). List the prime factors of 1/(-3 + 97/b).
2
Let h(o) = -496*o**3 + o + 1. List the prime factors of h(-1).
2, 31
Let y(m) = 8*m**2 - 11*m - 5. What are the prime factors of y(8)?
419
Let l be ((-2)/(-7) + (-65)/105)*-9. Suppose l*a = b + 11 - 56, 2*a + 46 = b. List the prime factors of b.
2, 3
Suppose -4*t + 3610 = -2*v, 0*t - 2*t = 4*v - 1820. List the prime factors of t.
2, 113
Suppose 2*d = 4*j - d - 2055, -2*j + 1041 = 3*d. What are the prime factors of j?
2, 3, 43
Let f = 547 + -560. Let o = -8 + 2. What are the prime factors of 5 + o - (f + 0)?
2, 3
Suppose -5*y + 2750 = -5*q, -15*y - 548 = -16*y + 3*q. What are the prime factors of y?
19, 29
Let m(x) = -156*x + 5. Let o(d) = -155*d + 6. Let y(f) = 5*m(f) - 4*o(f). List the prime factors of y(-1).
7, 23
Let d(a) = 2*a + 5. Let g be d(0). Suppose -g*f + 0*f + 25 = 0. Suppose 0*b - 35 = -f*b. What are the prime factors of b?
7
Let t(f) = 7*f + 9. Let p(h) = -28 - 10 + 8*h - 28*h + 11. Let s(r) = -3*p(r) - 8*t(r). What are the prime factors of s(5)?
29
Let n(i) = i**3 - 15*i**2 + 30*i + 34. What are the prime factors of n(15)?
2, 11
Let o(f) be the first derivative of -29*f**2/2 - 11. List the prime factors of o(-5).
5, 29
Let w(h) = 4*h - 9. Let l be w(5). Let v(n) = 6*n**2 + 3*n + 1. Let z be v(-1). Suppose -5*q + l + 44 = 2*f, -45 = -5*q - z*f. List the prime factors of q.
13
Let w(a) = a**2 - 10*a + 46. List the prime factors of w(19).
7, 31
Let k = 96 - 38. Let w = -38 + k. List the prime factors of w.
2, 5
Let d = -53 - -56. Let r(t) be the first derivative of t**2/2 + 1. What are the prime factors of r(d)?
3
Suppose 5*p - 85 + 30 = 0. Suppose -p = 2*t + 3*j, 0*t = 2*t - j + 7. List the prime factors of (33/(-6) - t)*-28.
2, 3, 7
Suppose 3920 = 5*m - 5*j, -15*j = -2*m - 12*j + 1567. List the prime factors of m.
5, 157
Let g(k) = -k**2 - 8*k - 4. Let a be g(-7). Suppose 0 = a*t - 119 - 91. What are the prime factors of t?
2, 5, 7
Let a(k) = k + 5. Let j be a(0). Let v(d) be the second derivative of d**4/6 - 2*d**3/3 - 2*d**2 - 4*d. List the prime factors of v(j).
2, 13
Let f = 20 - 15. Suppose 4*c - f*c = 0. Suppose -3*h + c*a + 18 = 3*a, 4*a = 5*h + 6. List the prime factors of h.
2
Let q be 4/(-18) - (-2)/((-18)/(-965)). Let m = q + 6. List the prime factors of m.
113
Suppose -q + 18 = -3*s, 0*s = 3*q - 3*s - 36. Let t be (0 + 3)*(q - -10). Suppose i = -3*k + 24, -2*i + k + t = 4*k. What are the prime factors of i?
3, 11
Suppose 24*m + 1654 = 5*l + 20*m, 4*m = -5*l + 1646. List the prime factors of l.
2, 3, 5, 11
Let c(i) = i + 12. Let k be c(-9). Suppose 16 = -k*g + 5*p, 0 = g + 2*p - 4*p + 7. What are the prime factors of 9*(-2 - (-7)/g)?
3
Let p = 30 - 42. Let r = p - -53. What are the prime factors of r?
41
Suppose 0 = -0*x + 9*x + 918. List the prime factors of x*1/(-2) + -1.
2, 5
Suppose 0*g = 8*g - 2560. List the prime factors of g.
2, 5
Let z(u) = 68*u**2 - 2*u - 3. Let j(v) = v**3 + 10*v**2 - 11*v - 1. Let r be j(-11). List the prime factors of z(r).
67
Let t(s) = -29*s - 775. List the prime factors of t(-44).
3, 167
Let s(c) = 4*c + 7. Let o be s(-7). Let r = 18 - o. List the prime factors of r.
3, 13
Let f = 6 + 1. Let y = -8 + f. List the prime factors of (9 - y) + 1/(-1).
3
Let m = 434 + -238. What are the prime factors of m?
2, 7
Let s = 462 - -52. List the prime factors of s.
2, 257
Let q = 10 + -7. Suppose -l + q*r - r + 9 = 0, l + r - 12 = 0. Suppose 5*z = 3*y - 48 + l, -4*y = 3*z - 30. List the prime factors of y.
3
List the prime factors of 151*(-15)/3*10/(-25).
2, 151
Suppose -5*a - 4*n + 16878 = 0, -5*a + 4*n = 5*n - 16887. List the prime factors of a.
2, 3, 563
Let j = -221 - -522. What are the prime factors of j?
7, 43
Suppose 10 = 5*u, -h + 212 + 298 = -u. What are the prime factors of h?
2
Let k be (